uppose 5*u - 937 = p - 3*p, -w = 4*p. What is the tens digit of u?
8
Let a = 0 - -2. Suppose k + o + 2*o = 15, 2*k - 4*o + 10 = 0. Suppose -k*f = -v + 15, -a*v + f = 2*v - 49. What is the units digit of v?
2
Suppose 0 = 42*c - 45*c + 3099. What is the thousands digit of c?
1
Let c be 30/(-1)*(-9)/(-9). Let f be ((-3)/5)/(2/c). Let u = f + -8. What is the units digit of u?
1
Let t be (22/55)/(1/245). Suppose 5*a - 402 = t. Suppose -2*h = 3*h - a. What is the units digit of h?
0
Suppose -49*z - 1017 = -51*z + q, -z - q + 507 = 0. What is the hundreds digit of z?
5
Let w be -1*(-2 - -5) + 6. Suppose -w*l - l = -176. Let s = l - 20. What is the tens digit of s?
2
Suppose -5*f - 3*l + 12172 = 0, 10*l = -f + 5*l + 2452. What is the tens digit of f?
3
Suppose 0 = -2*a - 3*a + 35. Let q = 28 + a. Let t = q - 12. What is the tens digit of t?
2
Let g(z) = 1 + 6*z + 1 - 8*z - 4. Let s be g(-2). Suppose -5*k + 51 = -c, -s*c - 3*c - 13 = -3*k. What is the tens digit of k?
1
Suppose -12*f = 4*f - 23712. What is the thousands digit of f?
1
Let h = 16 + -13. Let y(k) = 7*k**2 - k + 9. What is the tens digit of y(h)?
6
Suppose j = -16 - 8. Let w be (15/4)/(-5)*j. Suppose -w = -h - 2*h. What is the units digit of h?
6
Let c = 963 - -1393. What is the units digit of c?
6
Suppose 7*d - 8 = 5*d. Suppose g - 2*o = -131, 5*o - 2 = d*o. Let c = -79 - g. What is the tens digit of c?
4
Let v(f) = 4 - 46*f + 10*f - 20*f - 4*f. What is the units digit of v(-3)?
4
Let t = 3456 - 1269. What is the hundreds digit of t?
1
Suppose 14*k + 4350 = 17986. What is the units digit of k?
4
Let d be -4 + -1*3/1. Let p = 21 + -29. Let c = d - p. What is the units digit of c?
1
Suppose 5*f - 3318 = -3*j, -3*f - 2*f + 4*j + 3311 = 0. What is the units digit of f?
3
Let v(d) = -125*d - 43. What is the tens digit of v(-15)?
3
Suppose -44*b = -37894 - 13762. What is the hundreds digit of b?
1
Let i(j) = j**2 + 3*j - 1. Let z(m) = -3*m**2 - 10*m + 3. Let x(y) = 7*i(y) + 2*z(y). Let f be x(0). What is the units digit of -27*(f - 0/(-1))?
7
Let g be 15/(((-35)/20)/7). What is the units digit of 8 - (g/3)/(-5)?
4
Let t = -2252 - -4318. What is the units digit of t?
6
Let n = -43 - -62. Let m = n - -7. What is the tens digit of m?
2
Suppose -40*b = -31608 - 22192. What is the thousands digit of b?
1
Suppose w = 32*w - 35991. What is the hundreds digit of w?
1
Suppose c - 3*x + 15 = 4*c, -c - 2*x = -10. What is the units digit of (-10 + -24)*(-1 + c)?
4
Suppose -4*v - 58 = -1054. What is the hundreds digit of v?
2
Suppose 0 = 383*u - 382*u - 91. What is the tens digit of u?
9
Suppose 4*t + 1 = 2*v + 177, v + 130 = 3*t. Let g be t + -6 + -3*1. Let y = 62 - g. What is the units digit of y?
9
Let k(h) = 5*h + 3. Let t(o) = -3*o - 18. Let l be t(-8). Let a be k(l). What is the tens digit of (39 - 1)/(22/a)?
5
Let d(i) = 14*i**2 - 20*i - 3. What is the units digit of d(5)?
7
Let b = 17 - 9. Suppose 0 = 12*a - b*a - 272. What is the tens digit of a?
6
What is the tens digit of (-60)/(-17 + 11) + 4220?
3
What is the hundreds digit of ((-4)/(-12))/(((-8)/(-714))/4)?
1
Let w = 4456 + -2948. What is the units digit of w?
8
Let b be 7/(41/8 + -5). Let r = -25 + b. What is the units digit of r?
1
Let q(l) = -l - 1. Let v(f) = 5*f + 5. Let j(y) = -22*q(y) - 4*v(y). Let u be j(-4). What is the units digit of (-4 - -5) + 0 - u?
7
What is the units digit of 165 + (-5 - 20/(-5))?
4
Let j be 4/5*155/2. Suppose -5*r + 197 = j. Suppose -25 = -5*c, -5*d - 2*c + 77 = r. What is the units digit of d?
8
Let g = -25 + 25. Let o(l) = 3*l - 10. Let r be o(5). Suppose g = 4*b + 4*a - 300, a = -r*b + 5*a + 357. What is the units digit of b?
3
Let c(d) = 7*d**2 - 15*d + 29. What is the tens digit of c(8)?
5
Suppose 4*v - 484 = 208. Suppose 5*m - 267 = v. What is the units digit of m?
8
Let u = 2029 + -517. What is the units digit of u?
2
Suppose -2*i + 10 = 24. Let u = i + -2. What is the units digit of 29 - (-3)/u*-3?
0
Suppose -10*v + 9*v - 17 = 0. Let p = -15 - v. Suppose -2*z + 114 = -p*l, -5*z + 2*z - 3*l = -195. What is the tens digit of z?
6
Let l(t) = t**3 - 10*t**2 + t - 8. Let h be l(10). Let n be ((-42)/15)/((-2)/5). Suppose h*b - n*b = -55. What is the units digit of b?
1
Suppose -l + 2*l - 5 = 0, -3*c + 5*l + 17 = 0. What is the tens digit of c/(-84) - 205/(-6)?
3
Let v = -2 - -11. Suppose 0 = 2*t + 11*x - 7*x - 84, 5*x - 25 = 0. Let r = t - v. What is the units digit of r?
3
Let p(b) be the first derivative of b**3/3 + 3*b**2 + 7*b + 1. Suppose -82*y = -77*y + 35. What is the units digit of p(y)?
4
Suppose 3*w + 16 = k + 7*w, -2*k + 2*w = -12. Suppose -k = 4*l, 1 = m - 4*l - 9. Suppose 14 = m*u - u. What is the tens digit of u?
1
Let m(o) = 4*o**2 - 4*o - 179. What is the tens digit of m(-13)?
4
Let g(n) = -n**2 - 6*n - 5. Let r be g(-4). Let b(p) = -r + 0 - p - 2 + 9*p. What is the units digit of b(6)?
3
Let n = -87 + 52. What is the hundreds digit of (-203)/(-2)*(-40)/n?
1
Let f(i) = i**3 + i. Let g be f(-1). Let v(r) = -2*r**3 + 6*r**2 - 3*r + 4. Let t be v(4). What is the units digit of ((-104)/t)/(g/(-10))?
3
Suppose -l - 620 = 4*l. What is the tens digit of l/(12/(-4) - (0 - 1))?
6
Let z be 128 + (6 - (7 - 3)). Suppose 0*m = 5*j + 2*m + z, 137 = -4*j + 5*m. Let k = 32 + j. What is the units digit of k?
4
Let y = 56 - 24. Suppose -164 = -3*q - y. What is the tens digit of q?
4
What is the hundreds digit of ((-5)/(-4))/((-7)/(-1820))?
3
Let u(g) = g**2 + 3*g + 10. Let n = -27 + 32. What is the tens digit of u(n)?
5
Suppose -3*v - 264 = v. Let q be ((-9)/6 - -2)*v. Let w = q - -51. What is the units digit of w?
8
Let v = 915 + -912. Suppose 229 + 349 = 5*x + 2*z, x - 3*z = 119. Suppose -x = -a - v*a. What is the units digit of a?
9
Let u(l) = 4*l**2 + 4*l - 9. Let d be u(4). Let r = d + -8. What is the units digit of r?
3
Let t be 2/(-6) + (-5 - (-3360)/9). Suppose 0 = -0*z + 4*z - t. What is the tens digit of z?
9
Let n(k) = -3*k**3 - 3*k**2 + 2*k - 3. Let t(r) = 2*r**3 + 2*r**2 - r + 3. Let d(m) = 4*n(m) + 5*t(m). What is the units digit of d(-2)?
5
Suppose -8*m = -2318 + 798. What is the tens digit of m?
9
Suppose -4*c = -j + 5*j - 8, 4*c + 2*j - 8 = 0. Suppose c*s - 3*h - 124 = s, 5*s - 644 = 3*h. Suppose 5*t - s = 3*t. What is the tens digit of t?
6
What is the units digit of (-1 + 33/(-15))*(-77 - -2)?
0
Let b = -39 - -32. Let k(z) = 2*z**2 + 8*z + 1. What is the tens digit of k(b)?
4
Let f be (-8)/(-5) + (-4)/(-10). Suppose 40 = f*y + 2*y + w, 7 = -y + 4*w. Suppose -2*b - 2*i = 3*i + 8, -3*i = -3*b + y. What is the units digit of b?
1
Suppose -4047*y = -4045*y - 4692. What is the thousands digit of y?
2
Suppose 0 = -11*r + 6*r + 1850. Let a = -186 + r. Suppose a = 5*s + v + 52, 0 = v + 3. What is the tens digit of s?
2
Let h = 495 - 327. Suppose -4*x + 0*x = -h. What is the units digit of x?
2
Suppose 0 = 5*o - 0*o + 5. What is the units digit of (-63 + (1 - 3))*o?
5
Let w = -46 + 46. Suppose w = -4*q - 4, 0*z - 5*q + 193 = 3*z. What is the units digit of z?
6
Suppose 286 = 3*y - 4*k, 2*k + 14 = 12. Let l = 124 - y. What is the units digit of l?
0
Let v(a) = 38*a + 16. What is the units digit of v(14)?
8
Let n(l) = 26*l**2 - 27*l**2 - 4*l + 2 + 46. What is the units digit of n(0)?
8
What is the units digit of ((-45)/(-27))/(15/162)?
8
Let z = 7 - 7. Let o = 6 + z. Suppose -o*v + 8 = -5*v. What is the units digit of v?
8
Suppose 0 = 5*j - 3*m - 8, -3*j - 4*m = 2*j - 36. Suppose -j*h + 208 = -2*h. What is the hundreds digit of h?
1
What is the thousands digit of (-33609)/(-30) + 24/(-80)?
1
Let w be (0/1)/(-3 + 2). Let p = 5 - w. Suppose p*b - b = 72. What is the tens digit of b?
1
Let i = 24 - 17. Suppose -2*t + 828 = i*t. What is the tens digit of t?
9
Suppose -4194 = -3*z - 3*o, 0 = 18*o - 16*o + 10. What is the hundreds digit of z?
4
Suppose -3*i = i - 56. Let d = -4 + i. What is the units digit of (8/d)/((-2)/(-5))?
2
What is the units digit of (11 - 5 - 11)/(2/(-10))?
5
Let u(k) = 3*k + 36. Let h be u(3). What is the hundreds digit of ((-324)/20)/((-3)/h)?
2
Suppose -9*a + 7*a - 12 = 0. Let o = -3 - a. Suppose 3*g - 4*z - 39 = 0, o*z - 101 = -5*g - 7. What is the units digit of g?
7
Suppose 0 = 4*v + 3*i - 5505, -61*v = -60*v - i - 1371. What is the hundreds digit of v?
3
Suppose 0 = -2*h + 3